{"id":10,"date":"2026-04-07T04:33:41","date_gmt":"2026-04-07T04:33:41","guid":{"rendered":"https:\/\/www.biblioteconomiaeducativa.com.br\/cibe2026\/?page_id=10"},"modified":"2026-04-30T22:16:57","modified_gmt":"2026-04-30T22:16:57","slug":"programacao","status":"publish","type":"page","link":"https:\/\/www.biblioteconomiaeducativa.com.br\/cibe2026\/programacao\/","title":{"rendered":"Programa\u00e7\u00e3o"},"content":{"rendered":"\n<p><strong><a href=\"#i\" data-type=\"internal\" data-id=\"#i\">I- Abertura do CIBE26<\/a><\/strong><\/p>\n\n\n\n<p><a href=\"#ii\" data-type=\"internal\" data-id=\"#ii\"><strong>II- Simp\u00f3sio Internacional de Pesquisa em Biblioteconomia Educativa<\/strong><\/a><\/p>\n\n\n\n<p><strong><a href=\"#iii\">III &#8211; F\u00f3rum Internacional de Biblioteconomia Educativa<\/a><\/strong><\/p>\n\n\n\n<p class=\"has-vivid-red-color has-text-color has-link-color wp-elements-00396b51c64b6f0bfd057ca026d93012\" id=\"i\"><strong>I- Abertura do CIBE26<\/strong><\/p>\n\n\n\n<p><strong>Data: 18\/05<\/strong><br><strong>Modalidade: Presencial e Online<\/strong><br><strong>Local: Biblioteca Brasiliana Guita e Jos\u00e9 Mindlin &#8211; BBM\/USP, \u00a0Audit\u00f3rio Istv\u00e1n Jancs\u00f3<\/strong><br><strong>Link de transmiss\u00e3o:\u00a0<\/strong><a href=\"https:\/\/youtube.com\/live\/2zwj1l1Vcwc?feature=share\">https:\/\/youtube.com\/live\/2zwj1l1Vcwc?feature=share <\/a><\/p>\n\n\n\n<p>08:30\u201310:15 | <strong>Abertura Oficial do CIBE26 e Lan\u00e7amento e assinatura da Carta de funda\u00e7\u00e3o da Rede de Pesquisa em Biblioteconomia Educativa (RPBE)<\/strong><br>10:15\u201310:30 | Intervalo<br>10:30\u201311:30 | <strong>Confer\u00eancia<\/strong>: <em>Democracia, Ci\u00eancia e Pesquisa.<\/em><br>Prof. Dr. Renato Janine Ribeiro (FFLCH\/USP)&nbsp;<br>11:30\u201312:30 | Visita \u00e0 Biblioteca Guita e Jos\u00e9 Mindlin &#8211; BBM\/USP (<em>Opcional<\/em>)<\/p>\n\n\n\n<p class=\"has-vivid-red-color has-text-color has-link-color wp-elements-93d672f58d92774e1c5ae531ea4b10ed\" id=\"ii\"><strong>II- Simp\u00f3sio Internacional de Pesquisa em Biblioteconomia Educativa<\/strong><\/p>\n\n\n\n<p><strong>Tema<\/strong>: Biblioteconomia Educativa: legados e perspectivas<\/p>\n\n\n\n<p><strong>Data: 18\/05<\/strong><br><strong>Modalidade: Presencial e Online<\/strong><br><strong>Local: ECA\/USP \u2013 Audit\u00f3rio Lupe Cotrim<\/strong><br><strong>Link de transmiss\u00e3o:\u00a0<\/strong><a href=\"https:\/\/www.youtube.com\/@ECAUSPOficial\/streams\">https:\/\/www.youtube.com\/@ECAUSPOficial\/streams <\/a><\/p>\n\n\n\n<p>15:00\u201315:45 | <strong>Confer\u00eancia de abertura<\/strong>: <em>Biblioteconomia Educativa como campo especializado<\/em> <em>e a RPBE<\/em>.<br>Prof. Dr. Edmir Perrotti e Profa. Dra. Ivete Pieruccini (ECA\/USP)<br>16:00\u201316:45 | <strong>Confer\u00eancia internacional:<\/strong> <em>Biblioteca e Educa\u00e7\u00e3o na Fran\u00e7a: Pesquisa,<br>Estado e Sociedade<\/em>. Prof. Dr. Max Butlen (CY Cergy Paris Universit\u00e9)<br>16:45\u201317:00 | Intervalo<br>17:00\u201317:45 | <strong>Confer\u00eancia internacional<\/strong>: <em>Biblioteca e Educa\u00e7\u00e3o na Col\u00f4mbia: Pesquisa,<br>Estado e Sociedade.<\/em> Profa. Dra. Natalia Duque Cardona (Universidad de Antioquia).<\/p>\n\n\n\n<p><strong>Data: 19\/05<\/strong><br><strong>Modalidade: Presencial e Online<\/strong><br><strong>Local: ECA\/USP \u2013 Audit\u00f3rio Lupe Cotrim<\/strong><br><strong>Link de transmiss\u00e3o:<\/strong>\u00a0<a href=\"https:\/\/www.youtube.com\/@ECAUSPOficial\/streams\">https:\/\/www.youtube.com\/@ECAUSPOficial\/streams <\/a><\/p>\n\n\n\n<p>08:30\u201310:00 | <strong>Mesa de Pesquisa<\/strong> \u2013 Profa. Dra. Simone Borges Paiva Okuzono (UNIRIO); Profa. Dra. Gabrielle Francinne de S. C. Tanus (UFRN); Profa. Dra. Leoneide Brito Martins (UFMA)<br>Media\u00e7\u00e3o: Profa. Dra. Carmem L\u00facia Batista (GPEB\/CBD\/ECA\/USP e Centro Universit\u00e1rio Assun\u00e7\u00e3o)<br>10:00\u201310:30 | Intervalo<br>10:30\u201312:00 | <strong>Mesa de Pesquisa<\/strong> \u2013 Prof. Dr. Cl\u00e1udio Marcondes (USP-RP e UNESP-Mar\u00edlia); Profa. Dra. Jussara S. Pimenta e Prof. Dr. Pedro Andretta (UNIR); Profa. Dra. Carmem L\u00facia Batista (GPEB\/CBD\/ECA\/USP e Centro Universit\u00e1rio Assun\u00e7\u00e3o)<br>Media\u00e7\u00e3o: Profa. Dra. Gabrielle Francinne de S. C. Tanus (GPEB\/CBD\/ECA\/USP e UFRN)<br>12:00\u201314:00 | Almo\u00e7o<br>14:00\u201315:30 | <strong>Mesa de Pesquisa<\/strong> \u2013 Prof. Dr. Jonathas Luiz Carvalho Silva (UFC); Profa. Dra. Eliane Lourdes da Silva Moro (FABICO\/UFRGS); Prof. Dr. Edmir Perrotti e Ivete Pieruccini (USP)<br>Media\u00e7\u00e3o: Dra. Lilian Viana (GPEB\/CBD\/ECA\/USP)<br>15:30\u201316:00 | Intervalo<br>16:00\u201317:00 | <strong>Mesa de Pesquisa<\/strong> \u2013 Prof. Dr. Rovilson Jos\u00e9 da Silva (UEL); Profa. Dra. Andreina Alves de Sousa Virginio (UESPI); Profa. Dra. Gisela Eggert-Steindel (UDESC)<br>Media\u00e7\u00e3o: Prof. Dr. Pedro Andretta (GPEB\/CBD\/ECA\/USP e UNIR)<\/p>\n\n\n\n<p><strong>Data: 20\/05<\/strong><br><strong>Modalidade: Presencial e Online<\/strong><br><strong>Local: ECA\/USP \u2013 Audit\u00f3rio Lupe Cotrim<\/strong><br><strong>Link de transmiss\u00e3o:\u00a0<\/strong><a href=\"https:\/\/www.youtube.com\/@ECAUSPOficial\/streams\">https:\/\/www.youtube.com\/@ECAUSPOficial\/streams <\/a><\/p>\n\n\n\n<p>08:30\u201310:00 | <strong>Mesa de Pesquisa<\/strong> \u2013 Profa. Dra. Adriana Maria de Souza (FESPSP), Profa. Dra. Mar\u00edlia&nbsp;Paiva (UFMG), Profa. Dra. Sueli Bortolin (UEL)<br>Media\u00e7\u00e3o: Profa. Dra. Simone Borges Paiva Okuzono (GPEB\/CBD\/ECA\/USP e UNIRIO)<br>10:00\u201310:30 | Intervalo<br>10:30\u201311:30 | <strong>S\u00edntese e encerramento do Simp\u00f3sio<\/strong>&nbsp;<br>Prof. Dr. Oswaldo Francisco de Almeida Jr. (UNESP\/Mar\u00edlia); Profa. Dra. Henriette Ferreira Gomes (UFBA)<br>11:30\u201313:00 | <strong>Reuni\u00e3o Comit\u00ea Cient\u00edfico e Comit\u00ea Executivo da RPBE<\/strong><\/p>\n\n\n\n<p class=\"has-vivid-red-color has-text-color has-link-color wp-elements-e70a6106e0bc2b2d15ba690d08e380d6\" id=\"iii\"><strong>III &#8211; F\u00f3rum Internacional de Biblioteconomia Educativa<\/strong><\/p>\n\n\n\n<p><strong><mark style=\"background-color:rgba(0, 0, 0, 0)\" class=\"has-inline-color has-vivid-red-color\">Sess\u00e3o ECA-USP &#8211; Escola de Comunica\u00e7\u00f5es e Artes<\/mark><\/strong><\/p>\n\n\n\n<p><strong>Data: 20\/05<\/strong><br><strong>Modalidade: Presencial e Online<\/strong><br><strong>Local: ECA\/USP \u2013 Audit\u00f3rio Lupe Cotrim<\/strong><br><strong>Link de Inscri\u00e7\u00e3o: <\/strong><a href=\"https:\/\/forms.gle\/DxRX11StBSd1AsQL6\">https:\/\/forms.gle\/DxRX11StBSd1AsQL6<\/a><br><strong><strong>Link da transmiss\u00e3o<\/strong>: <\/strong><a href=\"https:\/\/www.youtube.com\/@ECAUSPOficial\/streams\">https:\/\/www.youtube.com\/@ECAUSPOficial\/streams <\/a><\/p>\n\n\n\n<p class=\"has-text-align-left\"><strong>Tema<\/strong>: <em>Biblioteconomia Educativa: objeto de forma\u00e7\u00e3o especializada<\/em><br>19:00\u201319:30 | <strong>Abertura Oficial<\/strong>: Profa. Dra. Ivete Pieruccini (Chefia do CBD\/ECA\/USP) e Prof. Dr. Marivalde M. Francelin (Coordena\u00e7\u00e3o de Curso); Profa. Dra. Neide Rezende (FEUSP)<br>19:30\u201319:50 | <strong>Palestra<\/strong>: <em>Biblioteconomia Educativa, como percurso formativo especializado: uma mudan\u00e7a paradigm\u00e1tica<\/em>. Profa. Dra. Ivete Pieruccini (CBD\/ECA\/USP)<br>19:50\u201320:10&nbsp;| <strong>Palestra<\/strong>: <em>Biblioteconomia Educativa: \u201cBiblioteca F\u00f3rum\u201d, uma formula\u00e7\u00e3o articuladora<\/em>.    Prof. Dr. Edmir Perrotti&nbsp;(CBD\/ECA\/USP)<br>20:10\u201320:30 | <strong>Debate<\/strong><br>20:30\u201320:40 | Intervalo<br>20:40\u201321:40&nbsp;| <strong>Mesa Redonda Internacional<\/strong>: <em>Biblioteca Escola e Educa\u00e7\u00e3o: conceitos e pr\u00e1ticas em quest\u00e3o<\/em>.&nbsp;<br>Profa. Dra. Natalia Duque Cardona (Universidad de Antioquia, Col\u00f4mbia); Prof. Dr. Max Butlen (CY Cergy Paris Universit\u00e9); Profa. Dra. Iracema S. Nascimento (FEUSP)<br>21:40\u201322:00 | Debate e encerramento<\/p>\n\n\n\n<p><strong><mark style=\"background-color:rgba(0, 0, 0, 0)\" class=\"has-inline-color has-vivid-red-color\">Sess\u00e3o FESPSP &#8211; Funda\u00e7\u00e3o Escola de Sociologia e Pol\u00edtica&nbsp;<\/mark><\/strong><\/p>\n\n\n\n<p><strong>Data: 21\/05<\/strong><br><strong>Modalidade: Presencial e Online<\/strong><br><strong>Local: FESPSP &#8211; Funda\u00e7\u00e3o Escola de Sociologia e Pol\u00edtica\u00a0<\/strong><br><strong>Link de Inscri\u00e7\u00e3o:\u00a0<\/strong><a href=\"https:\/\/fespsp.apprbs.com.br\/evento-inscricao\">https:\/\/fespsp.apprbs.com.br\/evento-inscricao <\/a><br><strong><strong>Link da transmiss\u00e3o<\/strong>:\u00a0<\/strong>Canal do Youtube da FESPSP &#8211; <a href=\"https:\/\/www.youtube.com\/live\/zujeeHPH5w8\">https:\/\/www.youtube.com\/live\/zujeeHPH5w8<\/a><\/p>\n\n\n\n<p><strong>Tema<\/strong>: Biblioteca e Educa\u00e7\u00e3o na \u201cEra da Informa\u00e7\u00e3o\u201d: que profissionais, que forma\u00e7\u00f5es?<br>08:30\u201309:00 | Recep\u00e7\u00e3o dos participantes<br>09:00\u201309:30 | <strong>Abertura<\/strong><br>09:30\u201310:30 | <strong>Mesa Redonda Internacional<\/strong>: <em>Biblioteca e Educa\u00e7\u00e3o na \u201cEra da Informa\u00e7\u00e3o\u201d: que profissionais, que forma\u00e7\u00f5es?<\/em><br><strong>Expositores<\/strong>: Prof. Dr. Max Butlen (CY Cergy Paris Universit\u00e9, Fran\u00e7a); &nbsp;Profa. Dra. Natalia Duque Cardona (Universidad de Antioquia, Col\u00f4mbia).<br>10:30\u201311:10 | <strong>Comentadores<\/strong>: Prof. Dr. Edmir Perrotti e Profa. Dra. Ivete Pieruccini (CBD\/ECA\/USP)<br>11:10\u201311:30 | Debate e Encerramento<br>11:30\u201312:00 | Visita \u00e0 Biblioteca Infantojuvenil Monteiro Lobato <em>(Opcional)<\/em><\/p>\n\n\n\n<p><strong><mark style=\"background-color:rgba(0, 0, 0, 0)\" class=\"has-inline-color has-vivid-red-color\">Sess\u00e3o CPF SESCSP &#8211; Centro de Pesquisa e Forma\u00e7\u00e3o\/SESC <\/mark><\/strong><\/p>\n\n\n\n<p><strong>Data: 22\/05<\/strong><br><strong>Modalidade: Somente Presencial<\/strong><br><strong>Local: <strong>CPF SESCSP <\/strong>&#8211; <strong>Centro de Pesquisa e Forma\u00e7\u00e3o\/SESC<\/strong><\/strong><br><strong>Link de Inscri\u00e7\u00e3o:\u00a0<\/strong><a href=\"https:\/\/centrodepesquisaeformacao.sescsp.org.br\/atividade\/forum-internacional-de-biblioteconomia-educativa\">https:\/\/centrodepesquisaeformacao.sescsp.org.br\/atividade\/forum-internacional-de-biblioteconomia-educativa <\/a><\/p>\n\n\n\n<p><strong>Tema<\/strong>: Afinal, o que \u00e9 Biblioteca Educativa?<br>14:00\u201315:30 |<strong> Di\u00e1logos internacionais<\/strong><em>: Biblioteca e Educa\u00e7\u00e3o na Fran\u00e7a e no Brasil<\/em>.<br>Prof. Dr. Max Butlen (CY Cergy Paris Universit\u00e9)&nbsp; e Prof. Dr. Edmir Perrotti (CBD\/ECA\/USP)<br>15:30\u201316:00 | Intervalo<br>16:00\u201317:30&nbsp;| <strong>Di\u00e1logos Internacionais<\/strong><em>:<\/em> <em>Biblioteca e Educa\u00e7\u00e3o na Col\u00f4mbia e no Brasil<\/em>.<br>Profa. Dra. Natalia Duque Cardona (Universidad de Antioquia, Col\u00f4mbia)&nbsp;e Profa. Dra. Ivete Pieruccini (CBD\/ECA\/USP)<br>17:30\u201318:00 | <strong>S\u00edntese geral pelos participantes<\/strong>: &#8220;<em>Afinal, o que \u00e9&nbsp; Biblioteca Educativa?<\/em>&#8220;<\/p>\n\n\n\n<p><strong><strong><mark style=\"background-color:rgba(0, 0, 0, 0)\" class=\"has-inline-color has-vivid-red-color\">Sess\u00e3o UFMG<\/mark><\/strong><\/strong><\/p>\n\n\n\n<p><strong>Data: 25\/05<\/strong><br><strong>Modalidade: Presencial e Online<\/strong><br><strong>Local: Audit\u00f3rio Adriana Bogliolo \/Escola de Ci\u00eancia da Informa\u00e7\u00e3o(ECI)\/UFMG\/Campus Pampulha<\/strong><br><strong>Link de Inscri\u00e7\u00e3o:\u00a0<\/strong><a href=\"https:\/\/tinyurl.com\/mu2weu6a\">https:\/\/tinyurl.com\/mu2weu6a <\/a><br><strong><strong>Link da transmiss\u00e3o<\/strong>:\u00a0<\/strong>Canal do Youtube da ECI\/UFMG\u00a0 <a href=\"https:\/\/www.youtube.com\/channel\/UCvv02Y36b7zvgM8y2ytTefA\">https:\/\/www.youtube.com\/channel\/UCvv02Y36b7zvgM8y2ytTefA<\/a>\u00a0<\/p>\n\n\n\n<div class=\"wp-block-group is-vertical is-layout-flex wp-container-core-group-is-layout-8cf370e7 wp-block-group-is-layout-flex\">\n<p><strong>Tema<\/strong>: <em>Novas perspectivas na pesquisa sobre biblioteca escolar: pol\u00edticas, pr\u00e1ticas, media\u00e7\u00f5es e protagonismo cultural<\/em><br>19:30\u201321:30 | <\/p>\n\n\n\n<p><strong>Abertura<\/strong>: Prof. Dr. Eduardo Valadares da Silva (Diretoria ECI\/UFMG); <br>Profa. Dra. Dalgiza Andrade Oliveira (INCT Gestrado e ECI\/UFMG)<br><strong>Palestra<\/strong>: <em>Al\u00e9m da invisibilidade e do sil\u00eancio: a biblioteca escolar como espa\u00e7o pedag\u00f3gico, cultural e de conviv\u00eancia<\/em>. Dra. Michelle Karina Assun\u00e7\u00e3o Costa (UFMG).<br><strong>Palestra<\/strong><em>: Relato de pesquisa e saberes da experi\u00eancia &#8211; um&nbsp;programa de aprendizagem de &#8216;saberes informacionais atitudinais&#8217; no contexto da&nbsp;Esta\u00e7\u00e3o do Conhecimento Einstein-Parais\u00f3polis, em S\u00e3o Paulo.<\/em> Prof. Dr. Marcos Paulo de Passos (UFMG).<br><strong>Media\u00e7\u00e3o<\/strong>:&nbsp;Profa. Dra. Mar\u00edlia Paiva (UFMG)<\/p>\n<\/div>\n\n\n\n<p><strong><mark style=\"background-color:rgba(0, 0, 0, 0)\" class=\"has-inline-color has-vivid-red-color\"><strong>Sess\u00e3o <\/strong>UFRN<\/mark><\/strong><\/p>\n\n\n\n<p><strong>Data: 26\/05<\/strong><br><strong>Modalidade: Somente Online<\/strong><br><strong>Link Inscri\u00e7\u00e3o:\u00a0<\/strong><a href=\"https:\/\/sigaa.ufrn.br\/sigaa\/public\/extensao\/paginaListaPeriodosInscricoesAtividadesPublico.jsf?aba=p-extensao\">https:\/\/sigaa.ufrn.br\/sigaa\/public\/extensao\/paginaListaPeriodosInscricoesAtividadesPublico.jsf?aba=p-extensao<\/a>\u00a0<br><strong>Link da transmiss\u00e3o:\u00a0<\/strong>Canal do Youtube da BiblioUFRN &#8211;\u00a0<a href=\"https:\/\/www.youtube.com\/live\/wDGMWEfDcn8?si=QF98SwzgRAvh1re5\">https:\/\/www.youtube.com\/live\/wDGMWEfDcn8?si=QF98SwzgRAvh1re5<\/a>\u00a0<\/p>\n\n\n\n<div class=\"wp-block-group is-vertical is-layout-flex wp-container-core-group-is-layout-8cf370e7 wp-block-group-is-layout-flex\">\n<div class=\"wp-block-group\"><div class=\"wp-block-group__inner-container is-layout-constrained wp-block-group-is-layout-constrained\">\n<div class=\"wp-block-group\"><div class=\"wp-block-group__inner-container is-layout-constrained wp-block-group-is-layout-constrained\">\n<div class=\"wp-block-group is-vertical is-layout-flex wp-container-core-group-is-layout-8cf370e7 wp-block-group-is-layout-flex\">\n<p><strong>Tema<\/strong>: Perspectivas contempor\u00e2neas da media\u00e7\u00e3o: informa\u00e7\u00e3o, literatura e sociedade<br>13:30\u201315:00 | <br><strong>Palestra<\/strong>: <em>Bases conceituais da media\u00e7\u00e3o<\/em>. Profa. Dra. Simone Borges Paiva Okuzono (UNIRIO)<br><em><strong>Palestra<\/strong><\/em>: <em>Media\u00e7\u00e3o liter\u00e1ria e extens\u00e3o<\/em>. Profa. Dra. Leoneide Maria Brito Martins (UFMA)<\/p>\n\n\n\n<p><strong>Palestra<\/strong>: <em>Media\u00e7\u00e3o da informa\u00e7\u00e3o e desenvolvimento sustent\u00e1vel<\/em>. Prof. Dr. Jonathas Luiz Carvalho Silva (UFC)<br>Media\u00e7\u00e3o: Profa. Dra. Gabrielle Francinne de S. C. Tanus (UFRN). <\/p>\n<\/div>\n<\/div><\/div>\n<\/div><\/div>\n\n\n\n<p><mark style=\"background-color:rgba(0, 0, 0, 0)\" class=\"has-inline-color has-vivid-red-color\"><strong>Sess\u00e3o UNIRIO-UNIR<\/strong><\/mark><\/p>\n<\/div>\n\n\n\n<p><strong>Data: 27\/05<\/strong><br><strong>Modalidade: Somente Online<\/strong><br><strong>Link de Inscri\u00e7\u00e3o:\u00a0<\/strong><a href=\"https:\/\/sigaa.unir.br\/sigaa\/public\/extensao\/paginaListaPeriodosInscricoesAtividadesPublico.jsf?aba=p-extensao\">https:\/\/sigaa.unir.br\/sigaa\/public\/extensao\/paginaListaPeriodosInscricoesAtividadesPublico.jsf?aba=p-extensao<\/a>\u00a0<br><strong><strong>Link da transmiss\u00e3o<\/strong>:\u00a0<\/strong>Canal do Youtube da Biblioteconomia Unirio\u00a0\u00a0<a href=\"https:\/\/www.youtube.com\/@biblioteconomia_unirio\">https:\/\/www.youtube.com\/@biblioteconomia_unirio<\/a>\u00a0<\/p>\n\n\n\n<p><strong>Tema<\/strong>: Biblioteca e Educa\u00e7\u00e3o: quest\u00f5es emergentes<br>13:30\u201314:00 | <strong>Abertura<\/strong>. Profa. Dra. Simone Borges Paiva Okuzono (UNIRIO), Profa. Dra. Jussara S. Pimenta (UNIR), Prof. Dr. Pedro Andretta (UNIR) e Profa. Dra. Kelly Melo (UNIRIO)<br>14:00\u201314:50 | <strong>Palestra<\/strong>: <em>Experi\u00eancias em Biblioteconomia e Inclus\u00e3o Social:<\/em> <em>Pr\u00e1ticas desenvolvidas por organiza\u00e7\u00f5es da sociedade civil: Biblioteconomia, Educa\u00e7\u00e3o e inclus\u00e3o digital: contribui\u00e7\u00f5es em contextos de vulnerabilidade<\/em>. Dra. Rossana Moura (Presidente do Instituto Anjos Digitais \u2013 IAD)<br>Media\u00e7\u00e3o: Profa. Dra. Kelly Melo (UNIRIO)<br>14h50\u201315h40 | <strong>Palestra<\/strong>: <em>Biblioteca e Educa\u00e7\u00e3o: Biblioteca como Espa\u00e7o Educativo: entre Arquitetura, Organiza\u00e7\u00e3o Multin\u00edvel e Pr\u00e1ticas de Forma\u00e7\u00e3o<\/em>. Dra. Miri\u00e3 Santana Veiga (IFRO) e Me. Kazuo Kadowaki (UNIR)<br>Media\u00e7\u00e3o: Profa. Dra. Marina Moreira (IFC)<br>15h40\u201315h50 | Intervalo<br>15h50\u201316h40 | <strong>Palestra<\/strong>: Referenciais internacionais: <em>O desenvolvimento de bibliotecas escolares, ensino e aprendizagem: uma perspectiva do Qu\u00e9bec, Canad\u00e1<\/em>. Doutoranda Marie-H\u00e9l\u00e8ne Charest, sob orienta\u00e7\u00e3o do Prof. Dr. \u00c9rick Falardeau, Univ. Laval (Bibliotec\u00e1ria Escolar, MSI).<br>Media\u00e7\u00e3o:&nbsp;Profa. Dra. Simone Borges Paiva Okuzono (UNIRIO)<\/p>\n","protected":false},"excerpt":{"rendered":"<p>I- Abertura do CIBE26 II- Simp\u00f3sio Internacional de Pesquisa em Biblioteconomia Educativa III &#8211; F\u00f3rum Internacional de Biblioteconomia Educativa I- Abertura do CIBE26 Data: 18\/05Modalidade: Presencial e OnlineLocal: Biblioteca Brasiliana Guita e Jos\u00e9 Mindlin &#8211; BBM\/USP, \u00a0Audit\u00f3rio Istv\u00e1n Jancs\u00f3Link de transmiss\u00e3o:\u00a0https:\/\/youtube.com\/live\/2zwj1l1Vcwc?feature=share 08:30\u201310:15 | Abertura Oficial do CIBE26 e Lan\u00e7amento e assinatura da Carta de funda\u00e7\u00e3o&#8230;<\/p>\n","protected":false},"author":2,"featured_media":0,"parent":0,"menu_order":3,"comment_status":"closed","ping_status":"closed","template":"","meta":{"footnotes":""},"class_list":["post-10","page","type-page","status-publish","hentry"],"_links":{"self":[{"href":"https:\/\/www.biblioteconomiaeducativa.com.br\/cibe2026\/wp-json\/wp\/v2\/pages\/10","targetHints":{"allow":["GET"]}}],"collection":[{"href":"https:\/\/www.biblioteconomiaeducativa.com.br\/cibe2026\/wp-json\/wp\/v2\/pages"}],"about":[{"href":"https:\/\/www.biblioteconomiaeducativa.com.br\/cibe2026\/wp-json\/wp\/v2\/types\/page"}],"author":[{"embeddable":true,"href":"https:\/\/www.biblioteconomiaeducativa.com.br\/cibe2026\/wp-json\/wp\/v2\/users\/2"}],"replies":[{"embeddable":true,"href":"https:\/\/www.biblioteconomiaeducativa.com.br\/cibe2026\/wp-json\/wp\/v2\/comments?post=10"}],"version-history":[{"count":244,"href":"https:\/\/www.biblioteconomiaeducativa.com.br\/cibe2026\/wp-json\/wp\/v2\/pages\/10\/revisions"}],"predecessor-version":[{"id":957,"href":"https:\/\/www.biblioteconomiaeducativa.com.br\/cibe2026\/wp-json\/wp\/v2\/pages\/10\/revisions\/957"}],"wp:attachment":[{"href":"https:\/\/www.biblioteconomiaeducativa.com.br\/cibe2026\/wp-json\/wp\/v2\/media?parent=10"}],"curies":[{"name":"wp","href":"https:\/\/api.w.org\/{rel}","templated":true}]}}