{"id":12,"date":"2026-04-07T04:34:09","date_gmt":"2026-04-07T04:34:09","guid":{"rendered":"https:\/\/www.biblioteconomiaeducativa.com.br\/cibe2026\/?page_id=12"},"modified":"2026-04-20T19:31:08","modified_gmt":"2026-04-20T19:31:08","slug":"forum-simposio-internacional","status":"publish","type":"page","link":"https:\/\/www.biblioteconomiaeducativa.com.br\/cibe2026\/forum-simposio-internacional\/","title":{"rendered":"O que \u00e9 o CIBE26?"},"content":{"rendered":"\n<p><em>Evento, que ocorre em maio de 2026, marca os 60 anos da ECA\/USP e lan\u00e7a a <strong>Rede de Pesquisa em Biblioteconomia Educativa-RPBE<\/strong>,\u00a0com foco nas complexas e essenciais inter-rela\u00e7\u00f5es entre Biblioteca, Educa\u00e7\u00e3o e Cultura.<\/em><\/p>\n\n\n\n<p>Entre os dias <strong>18 e 27 de maio de 2026<\/strong>, ser\u00e1 realizado o <strong>Col\u00f3quio Internacional de Biblioteconomia Educativa (CIBE26)<\/strong>, dando in\u00edcio a um processo cient\u00edfico-acad\u00eamico, visando ao desenvolvimento e \u00e0 consolida\u00e7\u00e3o de um campo especializado de pesquisa, forma\u00e7\u00e3o e pr\u00e1ticas: a Biblioteconomia Educativa. <\/p>\n\n\n\n<p>A partir de a\u00e7\u00f5es deflagradas pelo Departamento de Informa\u00e7\u00e3o e Cultura, da Escola de Comunica\u00e7\u00f5es e Artes da USP (CBD\/ECA\/USP),\u00a0em colabora\u00e7\u00e3o com universidades e institui\u00e7\u00f5es de educa\u00e7\u00e3o e cultura de todas as regi\u00f5es do\u00a0Brasil e do exterior (Fran\u00e7a e\u00a0Col\u00f4mbia)<strong>,<\/strong> o CIBE26 contar\u00e1 com sess\u00f5es presenciais e <em>on-line<\/em>, em S\u00e3o Paulo e em outras cidades brasileiras (Belo Horizonte, Natal, Rio de Janeiro, Porto Velho). O evento ser\u00e1 aberto na Biblioteca Brasiliana Guita e Jos\u00e9 Mindlin (BBM\/USP), com o lan\u00e7amento da <strong>RPBE<\/strong>.<\/p>\n\n\n\n<p>O <strong>CIBE26<\/strong> \u00e9 ponto de inflex\u00e3o: para ele convergem conhecimentos acumulados ap\u00f3s d\u00e9cadas da constitui\u00e7\u00e3o acad\u00eamica da \u00e1rea de Biblioteconomia, resultante de seu reconhecimento oficial, em 1962,\u00a0como \u00e1rea de atua\u00e7\u00e3o espec\u00edfica de bibliotec\u00e1rios\/as com forma\u00e7\u00e3o de n\u00edvel superior.\u00a0Por outro lado, o lan\u00e7amento da <strong>RPBE<\/strong> apresenta-se como motor de renova\u00e7\u00e3o sistem\u00e1tica e necess\u00e1ria das rela\u00e7\u00f5es Biblioteca,\u00a0Educa\u00e7\u00e3o e Cultura, na chamada \u201cera da informa\u00e7\u00e3o\u201d.<\/p>\n\n\n\n<p>Assim, ao propiciar o di\u00e1logo entre capital cient\u00edfico acumulado e sua renova\u00e7\u00e3o, o <strong>CIBE26<\/strong> contribuir\u00e1 n\u00e3o s\u00f3 para a necess\u00e1ria retrospectiva de iniciativas e conhecimentos que forneceram a base para a defini\u00e7\u00e3o da <strong>Biblioteconomia Educativa<\/strong> <strong>(BE)<\/strong>, como campo especializado da Biblioteconomia. O lan\u00e7amento da <strong>RPBE <\/strong>e sua manuten\u00e7\u00e3o de forma cont\u00ednua e org\u00e2nica, criar\u00e3o sinergias e bases operacionais para seu desenvolvimento em conson\u00e2ncia com condi\u00e7\u00f5es e demandas da contemporaneidade.<\/p>\n\n\n\n<p>O enfrentamento de distanciamentos hist\u00f3ricos existentes entre Biblioteca e Educa\u00e7\u00e3o no Brasil, produtores de dificuldades de aprendizagem que ganham volumes crescentes e novas caracter\u00edsticas com a chamada \u201ccultura da informa\u00e7\u00e3o\u201d, \u00e9 quest\u00e3o crucial que perpassa e d\u00e1 corpo \u00e0 realiza\u00e7\u00e3o do <strong>CIBE26<\/strong> e da <strong>RPBE<\/strong>.<\/p>\n\n\n\n<p>Segundo os coordenadores gerais do evento, Profs. Drs. <strong>Edmir Perrotti<\/strong> e <strong>Ivete Pieruccini<\/strong>, do CBD- ECA\/USP, o <strong>CIBE26<\/strong> \u00e9 um marco cient\u00edfico e institucional hist\u00f3rico, que amplia o campo da Biblioteconomia no pa\u00eds. \u00c9 ponto de chegada e partida, tendo em vista a consolida\u00e7\u00e3o de uma \u00e1rea especializada inovadora, a Biblioteconomia Educativa, resposta a demandas prementes da sociedade brasileira.<\/p>\n\n\n\n<p>Unindo atividades presenciais e <em>on-line<\/em>, a serem realizadas tanto na cidade de S\u00e3o Paulo (USP-Butant\u00e3, FESPSP, CPF SESCSP), como em Belo Horizonte (UFMG), Natal (UFRN), Rio de Janeiro (UNIRIO) e Porto Velho (UNIR), o CIBE26 est\u00e1 estruturado em tr\u00eas eixos:<\/p>\n\n\n\n<ul class=\"wp-block-list\">\n<li><strong>Lan\u00e7amento da RPBE:<\/strong> Abertura oficial \u2013 (18\/05, manh\u00e3, na BBM\/USP).<\/li>\n\n\n\n<li><strong>Simp\u00f3sio Internacional de Pesquisa em BE:<\/strong> Com a participa\u00e7\u00e3o de renomados pesquisadores brasileiros e estrangeiros (18\/05, tarde, a 20\/05, manh\u00e3, na ECA\/USP).<\/li>\n\n\n\n<li><strong>F\u00f3rum Internacional de BE:<\/strong> Atividades presenciais e\/ou <em>on-line<\/em>, destinadas a interessados\/as (bibliotec\u00e1rios\/as, professores\/as, estudantes, pesquisadores\/as, mediadores\/as, gestores\/as educacionais e culturais), inscritos\/as nas sess\u00f5es realizadas\u00a0em institui\u00e7\u00f5es de S\u00e3o Paulo (20 a 22\/05, na USP, FESPSP, CPF SESCSP) e de outros estados brasileiros (25 a 27\/05, na UFMG, UFRN, UNIRIO e UNIR).<\/li>\n<\/ul>\n\n\n\n<p>O evento integra as comemora\u00e7\u00f5es dos <strong>60 anos da ECA <\/strong>e da cria\u00e7\u00e3o do Curso de Biblioteconomia da USP (1966). Suas <a href=\"https:\/\/www.biblioteconomiaeducativa.com.br\/cibe2026\/programacao\/\">atividades s\u00e3o <strong>gratuitas<\/strong><\/a> e reafirmam o compromisso com a democracia educacional e cultural da <strong>RPBE<\/strong>.<\/p>\n\n\n\n<p><strong>Para mais informa\u00e7\u00f5es acesse<\/strong>: <a href=\"https:\/\/www.biblioteconomiaeducativa.com.br\/cibe2026\">https:\/\/www.biblioteconomiaeducativa.com.br\/cibe2026<\/a><\/p>\n","protected":false},"excerpt":{"rendered":"<p>Evento, que ocorre em maio de 2026, marca os 60 anos da ECA\/USP e lan\u00e7a a Rede de Pesquisa em Biblioteconomia Educativa-RPBE,\u00a0com foco nas complexas e essenciais inter-rela\u00e7\u00f5es entre Biblioteca, Educa\u00e7\u00e3o e Cultura. Entre os dias 18 e 27 de maio de 2026, ser\u00e1 realizado o Col\u00f3quio Internacional de Biblioteconomia Educativa (CIBE26), dando in\u00edcio a&#8230;<\/p>\n","protected":false},"author":2,"featured_media":0,"parent":0,"menu_order":2,"comment_status":"closed","ping_status":"closed","template":"","meta":{"footnotes":""},"class_list":["post-12","page","type-page","status-publish","hentry"],"_links":{"self":[{"href":"https:\/\/www.biblioteconomiaeducativa.com.br\/cibe2026\/wp-json\/wp\/v2\/pages\/12","targetHints":{"allow":["GET"]}}],"collection":[{"href":"https:\/\/www.biblioteconomiaeducativa.com.br\/cibe2026\/wp-json\/wp\/v2\/pages"}],"about":[{"href":"https:\/\/www.biblioteconomiaeducativa.com.br\/cibe2026\/wp-json\/wp\/v2\/types\/page"}],"author":[{"embeddable":true,"href":"https:\/\/www.biblioteconomiaeducativa.com.br\/cibe2026\/wp-json\/wp\/v2\/users\/2"}],"replies":[{"embeddable":true,"href":"https:\/\/www.biblioteconomiaeducativa.com.br\/cibe2026\/wp-json\/wp\/v2\/comments?post=12"}],"version-history":[{"count":76,"href":"https:\/\/www.biblioteconomiaeducativa.com.br\/cibe2026\/wp-json\/wp\/v2\/pages\/12\/revisions"}],"predecessor-version":[{"id":668,"href":"https:\/\/www.biblioteconomiaeducativa.com.br\/cibe2026\/wp-json\/wp\/v2\/pages\/12\/revisions\/668"}],"wp:attachment":[{"href":"https:\/\/www.biblioteconomiaeducativa.com.br\/cibe2026\/wp-json\/wp\/v2\/media?parent=12"}],"curies":[{"name":"wp","href":"https:\/\/api.w.org\/{rel}","templated":true}]}}

O que é o CIBE26?

<p><em>Evento, que ocorre em maio de 2026, marca os 60 anos da ECA/USP e lança a <strong>Rede de Pesquisa em Biblioteconomia Educativa-RPBE</strong>, com foco nas complexas e essenciais inter-relações entre Biblioteca, Educação e Cultura.</em></p>



<p>Entre os dias <strong>18 e 27 de maio de 2026</strong>, será realizado o <strong>Colóquio Internacional de Biblioteconomia Educativa (CIBE26)</strong>, dando início a um processo científico-acadêmico, visando ao desenvolvimento e à consolidação de um campo especializado de pesquisa, formação e práticas: a Biblioteconomia Educativa. </p>



<p>A partir de ações deflagradas pelo Departamento de Informação e Cultura, da Escola de Comunicações e Artes da USP (CBD/ECA/USP), em colaboração com universidades e instituições de educação e cultura de todas as regiões do Brasil e do exterior (França e Colômbia)<strong>,</strong> o CIBE26 contará com sessões presenciais e <em>on-line</em>, em São Paulo e em outras cidades brasileiras (Belo Horizonte, Natal, Rio de Janeiro, Porto Velho). O evento será aberto na Biblioteca Brasiliana Guita e José Mindlin (BBM/USP), com o lançamento da <strong>RPBE</strong>.</p>



<p>O <strong>CIBE26</strong> é ponto de inflexão: para ele convergem conhecimentos acumulados após décadas da constituição acadêmica da área de Biblioteconomia, resultante de seu reconhecimento oficial, em 1962, como área de atuação específica de bibliotecários/as com formação de nível superior. Por outro lado, o lançamento da <strong>RPBE</strong> apresenta-se como motor de renovação sistemática e necessária das relações Biblioteca, Educação e Cultura, na chamada “era da informação”.</p>



<p>Assim, ao propiciar o diálogo entre capital científico acumulado e sua renovação, o <strong>CIBE26</strong> contribuirá não só para a necessária retrospectiva de iniciativas e conhecimentos que forneceram a base para a definição da <strong>Biblioteconomia Educativa</strong> <strong>(BE)</strong>, como campo especializado da Biblioteconomia. O lançamento da <strong>RPBE </strong>e sua manutenção de forma contínua e orgânica, criarão sinergias e bases operacionais para seu desenvolvimento em consonância com condições e demandas da contemporaneidade.</p>



<p>O enfrentamento de distanciamentos históricos existentes entre Biblioteca e Educação no Brasil, produtores de dificuldades de aprendizagem que ganham volumes crescentes e novas características com a chamada “cultura da informação”, é questão crucial que perpassa e dá corpo à realização do <strong>CIBE26</strong> e da <strong>RPBE</strong>.</p>



<p>Segundo os coordenadores gerais do evento, Profs. Drs. <strong>Edmir Perrotti</strong> e <strong>Ivete Pieruccini</strong>, do CBD- ECA/USP, o <strong>CIBE26</strong> é um marco científico e institucional histórico, que amplia o campo da Biblioteconomia no país. É ponto de chegada e partida, tendo em vista a consolidação de uma área especializada inovadora, a Biblioteconomia Educativa, resposta a demandas prementes da sociedade brasileira.</p>



<p>Unindo atividades presenciais e <em>on-line</em>, a serem realizadas tanto na cidade de São Paulo (USP-Butantã, FESPSP, CPF SESCSP), como em Belo Horizonte (UFMG), Natal (UFRN), Rio de Janeiro (UNIRIO) e Porto Velho (UNIR), o CIBE26 está estruturado em três eixos:</p>



<ul class="wp-block-list">
<li><strong>Lançamento da RPBE:</strong> Abertura oficial – (18/05, manhã, na BBM/USP).</li>



<li><strong>Simpósio Internacional de Pesquisa em BE:</strong> Com a participação de renomados pesquisadores brasileiros e estrangeiros (18/05, tarde, a 20/05, manhã, na ECA/USP).</li>



<li><strong>Fórum Internacional de BE:</strong> Atividades presenciais e/ou <em>on-line</em>, destinadas a interessados/as (bibliotecários/as, professores/as, estudantes, pesquisadores/as, mediadores/as, gestores/as educacionais e culturais), inscritos/as nas sessões realizadas em instituições de São Paulo (20 a 22/05, na USP, FESPSP, CPF SESCSP) e de outros estados brasileiros (25 a 27/05, na UFMG, UFRN, UNIRIO e UNIR).</li>
</ul>



<p>O evento integra as comemorações dos <strong>60 anos da ECA </strong>e da criação do Curso de Biblioteconomia da USP (1966). Suas <a href="https://www.biblioteconomiaeducativa.com.br/cibe2026/programacao/">atividades são <strong>gratuitas</strong></a> e reafirmam o compromisso com a democracia educacional e cultural da <strong>RPBE</strong>.</p>



<p><strong>Para mais informações acesse</strong>: <a href="https://www.biblioteconomiaeducativa.com.br/cibe2026">https://www.biblioteconomiaeducativa.com.br/cibe2026</a></p>

<p>Evento, que ocorre em maio de 2026, marca os 60 anos da ECA/USP e lança a Rede de Pesquisa em Biblioteconomia Educativa-RPBE, com foco nas complexas e essenciais inter-relações entre Biblioteca, Educação e Cultura. Entre os dias 18 e 27 de maio de 2026, será realizado o Colóquio Internacional de Biblioteconomia Educativa (CIBE26), dando início a&#8230;</p>
