{"id":7,"date":"2026-04-07T04:33:22","date_gmt":"2026-04-07T04:33:22","guid":{"rendered":"https:\/\/www.biblioteconomiaeducativa.com.br\/cibe2026\/?page_id=7"},"modified":"2026-04-28T21:16:01","modified_gmt":"2026-04-28T21:16:01","slug":"apresentacao-do-coloquio","status":"publish","type":"page","link":"https:\/\/www.biblioteconomiaeducativa.com.br\/cibe2026\/","title":{"rendered":"Apresenta\u00e7\u00e3o do CIBE 26"},"content":{"rendered":"\n<p>Promovido pela <strong><a href=\"https:\/\/www.biblioteconomiaeducativa.com.br\/\">Rede de Pesquisa em Biblioteconomia Educativa (RPBE)<\/a><\/strong>, o <strong>Col\u00f3quio Internacional de Biblioteconomia Educativa (CIBE26)<\/strong> \u00e9 uma realiza\u00e7\u00e3o envolvendo pesquisadores renomados de importantes institui\u00e7\u00f5es de todas as regi\u00f5es do pa\u00eds e do exterior, no per\u00edodo de 18 a 27 de Maio de 2026. Seu foco privilegiado s\u00e3o as essenciais e complexas rela\u00e7\u00f5es te\u00f3ricas e pr\u00e1ticas entre Biblioteca, Educa\u00e7\u00e3o e Cultura, consideradas em suas dimens\u00f5es hist\u00f3ricas e contempor\u00e2neas.<\/p>\n\n\n\n<p><strong>Contato<\/strong>: biblioteconomiaeducativa@gmail.com<\/p>\n\n\n\n<figure class=\"wp-block-image size-large\"><img loading=\"lazy\" decoding=\"async\" width=\"724\" height=\"1024\" src=\"https:\/\/www.biblioteconomiaeducativa.com.br\/cibe2026\/wp-content\/uploads\/2026\/04\/CIbe26-Coloquio-internacional-2-1-724x1024.png\" alt=\"\" class=\"wp-image-945\" srcset=\"https:\/\/www.biblioteconomiaeducativa.com.br\/cibe2026\/wp-content\/uploads\/2026\/04\/CIbe26-Coloquio-internacional-2-1-724x1024.png 724w, https:\/\/www.biblioteconomiaeducativa.com.br\/cibe2026\/wp-content\/uploads\/2026\/04\/CIbe26-Coloquio-internacional-2-1-212x300.png 212w, https:\/\/www.biblioteconomiaeducativa.com.br\/cibe2026\/wp-content\/uploads\/2026\/04\/CIbe26-Coloquio-internacional-2-1-768x1086.png 768w, https:\/\/www.biblioteconomiaeducativa.com.br\/cibe2026\/wp-content\/uploads\/2026\/04\/CIbe26-Coloquio-internacional-2-1-1086x1536.png 1086w, https:\/\/www.biblioteconomiaeducativa.com.br\/cibe2026\/wp-content\/uploads\/2026\/04\/CIbe26-Coloquio-internacional-2-1.png 1414w\" sizes=\"auto, (max-width: 724px) 100vw, 724px\" \/><\/figure>\n\n\n\n<p><\/p>\n","protected":false},"excerpt":{"rendered":"<p>Promovido pela Rede de Pesquisa em Biblioteconomia Educativa (RPBE), o Col\u00f3quio Internacional de Biblioteconomia Educativa (CIBE26) \u00e9 uma realiza\u00e7\u00e3o envolvendo pesquisadores renomados de importantes institui\u00e7\u00f5es de todas as regi\u00f5es do pa\u00eds e do exterior, no per\u00edodo de 18 a 27 de Maio de 2026. Seu foco privilegiado s\u00e3o as essenciais e complexas rela\u00e7\u00f5es te\u00f3ricas e&#8230;<\/p>\n","protected":false},"author":2,"featured_media":0,"parent":0,"menu_order":1,"comment_status":"closed","ping_status":"closed","template":"","meta":{"footnotes":""},"class_list":["post-7","page","type-page","status-publish","hentry"],"_links":{"self":[{"href":"https:\/\/www.biblioteconomiaeducativa.com.br\/cibe2026\/wp-json\/wp\/v2\/pages\/7","targetHints":{"allow":["GET"]}}],"collection":[{"href":"https:\/\/www.biblioteconomiaeducativa.com.br\/cibe2026\/wp-json\/wp\/v2\/pages"}],"about":[{"href":"https:\/\/www.biblioteconomiaeducativa.com.br\/cibe2026\/wp-json\/wp\/v2\/types\/page"}],"author":[{"embeddable":true,"href":"https:\/\/www.biblioteconomiaeducativa.com.br\/cibe2026\/wp-json\/wp\/v2\/users\/2"}],"replies":[{"embeddable":true,"href":"https:\/\/www.biblioteconomiaeducativa.com.br\/cibe2026\/wp-json\/wp\/v2\/comments?post=7"}],"version-history":[{"count":30,"href":"https:\/\/www.biblioteconomiaeducativa.com.br\/cibe2026\/wp-json\/wp\/v2\/pages\/7\/revisions"}],"predecessor-version":[{"id":946,"href":"https:\/\/www.biblioteconomiaeducativa.com.br\/cibe2026\/wp-json\/wp\/v2\/pages\/7\/revisions\/946"}],"wp:attachment":[{"href":"https:\/\/www.biblioteconomiaeducativa.com.br\/cibe2026\/wp-json\/wp\/v2\/media?parent=7"}],"curies":[{"name":"wp","href":"https:\/\/api.w.org\/{rel}","templated":true}]}}

Apresentação do CIBE 26

<p>Promovido pela <strong><a href="https://www.biblioteconomiaeducativa.com.br/">Rede de Pesquisa em Biblioteconomia Educativa (RPBE)</a></strong>, o <strong>Colóquio Internacional de Biblioteconomia Educativa (CIBE26)</strong> é uma realização envolvendo pesquisadores renomados de importantes instituições de todas as regiões do país e do exterior, no período de 18 a 27 de Maio de 2026. Seu foco privilegiado são as essenciais e complexas relações teóricas e práticas entre Biblioteca, Educação e Cultura, consideradas em suas dimensões históricas e contemporâneas.</p>



<p><strong>Contato</strong>: biblioteconomiaeducativa@gmail.com</p>



<figure class="wp-block-image size-large"><img loading="lazy" decoding="async" width="724" height="1024" src="https://www.biblioteconomiaeducativa.com.br/cibe2026/wp-content/uploads/2026/04/CIbe26-Coloquio-internacional-2-1-724x1024.png" alt="" class="wp-image-945" srcset="https://www.biblioteconomiaeducativa.com.br/cibe2026/wp-content/uploads/2026/04/CIbe26-Coloquio-internacional-2-1-724x1024.png 724w, https://www.biblioteconomiaeducativa.com.br/cibe2026/wp-content/uploads/2026/04/CIbe26-Coloquio-internacional-2-1-212x300.png 212w, https://www.biblioteconomiaeducativa.com.br/cibe2026/wp-content/uploads/2026/04/CIbe26-Coloquio-internacional-2-1-768x1086.png 768w, https://www.biblioteconomiaeducativa.com.br/cibe2026/wp-content/uploads/2026/04/CIbe26-Coloquio-internacional-2-1-1086x1536.png 1086w, https://www.biblioteconomiaeducativa.com.br/cibe2026/wp-content/uploads/2026/04/CIbe26-Coloquio-internacional-2-1.png 1414w" sizes="auto, (max-width: 724px) 100vw, 724px" /></figure>



<p></p>

<p>Promovido pela Rede de Pesquisa em Biblioteconomia Educativa (RPBE), o Colóquio Internacional de Biblioteconomia Educativa (CIBE26) é uma realização envolvendo pesquisadores renomados de importantes instituições de todas as regiões do país e do exterior, no período de 18 a 27 de Maio de 2026. Seu foco privilegiado são as essenciais e complexas relações teóricas e&#8230;</p>
